 z.
13
Let v(b) = -b**3 - 3*b**2 + 11*b + 12. Calculate the remainder when 22 is divided by v(-5).
1
What is the remainder when 4 is divided by (-14)/(-6) + 15/(-45)?
0
Let w be 1/(2/(126/3)). Let y = 39 - w. Calculate the remainder when 49 is divided by y.
13
Suppose -c - 6 = 7. Let v = 60 - c. What is the remainder when v is divided by 22?
7
Suppose 2*b + 15 - 35 = 0. Let v = 2437 - 2435. What is the remainder when b is divided by v?
0
Let a be -21*(-1 + (-1)/3). Suppose 22 = 5*m - a. Calculate the remainder when 1/2 + (-114)/(-4) is divided by m.
9
Let s(c) = -c**3 - 8*c**2 + 7*c - 20. Let i be s(-9). Let m(o) = -o**2 + 6*o + 2. Calculate the remainder when (3/(-2))/(i/4) is divided by m(6).
1
Calculate the remainder when 211 is divided by ((-11)/33)/(2/(-450)).
61
Suppose 19*q = 18*q - f + 10, -5*f = -3*q + 46. Suppose 0 = -w - 1, 5*w - 104 = -5*c + 66. Calculate the remainder when c is divided by q.
11
Suppose 0 = 2*t + 21 - 23. What is the remainder when (t + 0)/((-2)/(-42)) is divided by 12?
9
Calculate the remainder when 144 + (13 - -4) + -7 is divided by 55.
44
Let n(x) = 2*x. Let h be n(7). Let w(f) = 6 + 12*f - h - 7 - f**2. What is the remainder when 19 is divided by w(10)?
4
Suppose 5*c = -a + 212 + 79, -5*a = 5*c - 275. Calculate the remainder when 763 is divided by c.
55
Let f(b) = 0*b**2 + 6*b**2 - b**2 + 4 + b**3. Let q = -194 - -191. What is the remainder when 65 is divided by f(q)?
21
Suppose 4*c - 5 + 25 = 0. Let g = 1254 - 1244. What is the remainder when 18/(-4)*(c + 1) is divided by g?
8
Let q be 1 + 0 + 0 + -11. What is the remainder when 775/10 + 5/q is divided by 24?
5
What is the remainder when (119/(-21) + 6)/((-1)/(-639)) is divided by 75?
63
Suppose 7*z = 2*z - 80. Let d = z + 23. Suppose -d = -2*f + f. What is the remainder when 19 is divided by f?
5
Suppose 511 = 4*u - 113. Let s = u - 151. Calculate the remainder when 12 is divided by s.
2
Let v = 190 - 172. What is the remainder when v is divided by 16?
2
Suppose 3*h + 64 = -38. Let q = -14 - h. What is the remainder when 79 is divided by q?
19
Suppose 3*g + 5*n - 112 = 0, 5*g + 4*n - 160 = n. Let w(u) = 21*u**2 + 1. Calculate the remainder when w(-2) is divided by g.
27
Suppose 0 = 27*z - 22*z - 135. Calculate the remainder when z is divided by 22.
5
Suppose -y - g - 12 = -4*y, -2*y = -4*g - 18. Suppose 2*v + 8 = y*c - 2*v, 16 = c + 2*v. Let u = 31 - 16. Calculate the remainder when u is divided by c.
7
Suppose 0 = 2*f - 6, -3*t + 4*f + 8 = -t. Suppose 39 + 1 = 5*b. Suppose -5*j - 5*c = -c - 188, -b = -4*c. Calculate the remainder when j is divided by t.
6
Let n(d) = -25*d - 2. Let v be n(-1). Suppose v + 57 = 4*c. Calculate the remainder when c is divided by 7.
6
Let c(v) = -5*v - 14. What is the remainder when 212 is divided by c(-9)?
26
Let a = -34 + 34. Suppose 2*j - 9*j + 2121 = a. Let p = j - 207. Calculate the remainder when p is divided by 14.
12
What is the remainder when 39 is divided by 7/(0 + -7) + 4?
0
Let u be 16 + -14 - (-1*151 + 1). Suppose -2*h = 17*h - u. What is the remainder when 45 is divided by h?
5
Let g(m) = m**2 - 11. Let o be g(-4). Suppose -2*p - 1 = j, -o*j + 26 = 2*p - 9. Calculate the remainder when j is divided by 2.
1
Let k(w) = -2*w**3 - 9*w**2 + 13*w - 2. Calculate the remainder when 250 is divided by k(-6).
26
Suppose 5*x + 340 = 5*c, 4*c - x - 200 = c. Suppose -3*y + 9*l - c = 4*l, -5*y - 4*l - 73 = 0. What is the remainder when 57 is divided by -1 - y - (14 - 13)?
12
Suppose 0 = 3*p + y - 75, -3*p - 3*y = -0*p - 81. Let m = p - 17. Suppose 3*a = k + 10, 4*k - 5*k + 30 = 5*a. What is the remainder when m is divided by a?
2
Let p(v) = v**3 - 14*v**2 - 15*v + 6. Let j be p(15). Let a be (24/j)/(4/(-14)). Let s = 18 - a. Calculate the remainder when s is divided by 9.
5
Let p(g) = 5*g**2 - 2*g. Let v be p(1). Calculate the remainder when (1/(v/891*3))/1 is divided by 25.
24
Suppose -7*g - 60 = -12*g. Suppose 17*c = 14*c + g. Calculate the remainder when 25 is divided by c.
1
Let i = -344 - -221. Let n = 231 + i. Calculate the remainder when n is divided by 22.
20
Let p = 24 - -56. Suppose -3*l = l - p. Suppose 5*w = -0*w + l. Calculate the remainder when w is divided by 3.
1
Let m = 36 + -11. Let k = 91 + -87. Suppose 5*y + k*b - 362 = 0, 3*y + 138 = 5*y + 5*b. What is the remainder when y is divided by m?
24
Suppose 4*w - 63 - 13 = 0. What is the remainder when w is divided by -3 + 0 - -4 - ((-108)/(-6) - 25)?
3
Suppose k = -2*k. Suppose k = 5*j - 4*n - 43, 2*n - 7*n = -2*j + 24. What is the remainder when j is divided by 4?
3
Suppose 1 = -i + 6. What is the remainder when (-6)/3 + (104 - i) is divided by 25?
22
Let z(o) be the first derivative of -5*o**2 - 22*o - 45. Let k(m) = m**3 - 4*m**2 - 2*m + 4. What is the remainder when k(5) is divided by z(-3)?
3
Let a be ((-22)/(-6))/(4/(-12)). Let t = -9 - a. Suppose -2*r + 0*r - t*s = -28, -56 = -4*r - 3*s. What is the remainder when 53 is divided by r?
11
Let v = -90 - -98. Let g(o) = 6*o**2 + 14*o - 3. Let d(f) = -f**2 - f + 1. Let j(l) = -14*d(l) - 2*g(l). What is the remainder when 23 is divided by j(v)?
7
Suppose -2*q = q + 5*d - 29, -3*q - d + 37 = 0. Let x be (1/(-3))/(-3*4/3060). Suppose -l = x - 90. What is the remainder when q is divided by l?
3
Let y be 2/4*134 - -3. Suppose 2 = -w, 7*b - 3*b = w + y. Calculate the remainder when 30 is divided by b.
13
Let s(u) = u**3 + u + 6. Let l be s(0). Suppose -p - l = -9. What is the remainder when 23 is divided by p?
2
Let t = 94 + -61. Let z = 10 - 7. Suppose -p = 5*q - 123, -2*p - z*q + q + 206 = 0. Calculate the remainder when p is divided by t.
32
Suppose s + m = -13, -4*s + 6*m = 2*m + 12. Let f = s - -2. What is the remainder when (152/f*3)/(-2) is divided by 10?
8
Suppose -3*j - 2*w = 2*j - 28, 5*j = -4*w + 36. Suppose 4*v = -o + 36, -j*v = -2*o - 0*o + 36. What is the remainder when 70 is divided by o?
22
Let h = 801 - 620. Calculate the remainder when h is divided by 34.
11
Let n(i) = 81*i - 75. What is the remainder when 154 is divided by n(1)?
4
Suppose 2*x - 1 = 1, 0 = 5*f - 3*x - 22. Suppose 9*n - f*n - 28 = 0. What is the remainder when n is divided by -1*-5*2/2?
2
Let x = -4 + 20. Let w = x - 10. Suppose 65 = -f + w*f. What is the remainder when 36 is divided by f?
10
Let f(h) = -9*h - 3. Let k(l) = -3*l + 2 + 3 + 21*l. Let v(c) = 7*f(c) + 4*k(c). Calculate the remainder when v(7) is divided by 16.
14
Let w(d) be the second derivative of d**5/20 - d**4/2 + d**3/6 + 3*d**2 - 16*d. What is the remainder when ((-3)/4)/((-3)/132) is divided by w(6)?
9
Suppose 0 = -11*q - 39*q + 1850. What is the remainder when 181 is divided by q?
33
Suppose -4*h = 2*j + 2*j - 64, 0 = -3*h + 2*j + 28. Let c(u) = -10*u + 4. What is the remainder when c(-4) is divided by h?
8
Suppose 2*d - 163 = 193. Calculate the remainder when d is divided by 18.
16
Let f(q) = q**3 + q**2 + q + 18. Let z(m) = 50*m - 17. Let h be z(5). Let u = h - 164. What is the remainder when u is divided by f(0)?
15
Suppose 2*n = -6 - 20. Let x(c) = -c**2 - 15*c - 9. Let t be x(n). Suppose -4*g + l = -t, l + 0 = 5*g - 22. What is the remainder when 19 is divided by g?
4
Suppose 0 = -2*o - 4 + 10. Suppose -o*j + 26 = -j. What is the remainder when j is divided by (-4)/(-2) + (-1 - -51)/10?
6
Let d(f) = -9*f**2 - 7*f - 2. Let n be d(-3). Let y = 134 + n. What is the remainder when y is divided by 19?
15
Suppose -5*v + 4 = -7*v + 5*l, -8 = 4*v + 2*l. Calculate the remainder when 58 is divided by ((-30)/4 + 0)*(v + 0).
13
Let r(p) = -p**3 + 3*p**2 + 14. Let b be r(4). What is the remainder when 45 is divided by (-1)/(-4)*b*(-6 + -44)?
20
Let w(l) = 2*l**2 - 25*l + 45. Calculate the remainder when w(13) is divided by 3.
1
Suppose 4*w + i - 3 = 0, 9 = 3*w + 2*w - 4*i. Let l(h) = 5*h**2 - h. Let d(p) = p**2 - 8*p + 9. What is the remainder when l(w) is divided by d(7)?
0
Suppose -7*j + 40 = -2*j. Let t = 14 - j. What is the remainder when t is divided by (52/10 - (-25)/(-125))*1?
1
Suppose -4*y - 7 + 3 = 0. Let s be -2 - 0/(y - -3). Calculate the remainder when 99 is divided by (20/(-16))/(s/40).
24
Suppose 5*a - 172 = w, -2*w + 143 = 4*a - w. What is the remainder when 102 is divided by a?
32
Let l = 54 - 52. Suppose -5*d = l*d - 574. Calculate the remainder when 